ate the highest common factor of 2 and 3534859.
1
Calculate the highest common factor of 422553 and 14027.
83
Calculate the highest common factor of 18 and 279798348.
6
What is the greatest common factor of 81105 and 60?
15
Calculate the highest common factor of 5 and 5835320.
5
Calculate the highest common divisor of 1672 and 6106353.
209
Calculate the greatest common factor of 46 and 24585758.
46
What is the greatest common factor of 340 and 328792036?
68
Calculate the highest common factor of 602897 and 3413404.
1291
What is the greatest common factor of 2517916 and 11972?
292
What is the highest common divisor of 378 and 7301028?
42
What is the greatest common divisor of 1543941 and 924?
21
Calculate the highest common factor of 29316806 and 102.
34
Calculate the greatest common factor of 46319505 and 31260.
7815
Calculate the highest common divisor of 11319 and 9932937.
1029
Calculate the greatest common factor of 2627 and 24064811.
71
Calculate the greatest common factor of 82682578 and 374.
22
Calculate the highest common factor of 722 and 2488126.
38
Calculate the greatest common divisor of 3344 and 121183568.
176
What is the highest common factor of 5350 and 1435726?
214
Calculate the highest common factor of 401083 and 322873.
79
Calculate the greatest common factor of 125515754 and 637.
637
What is the greatest common divisor of 6422652 and 336?
12
What is the greatest common factor of 576302 and 8774?
214
Calculate the highest common divisor of 548901596 and 13636.
1948
Calculate the greatest common factor of 244240043 and 172.
43
Calculate the greatest common divisor of 4081280 and 8320.
640
What is the highest common divisor of 645 and 104385?
15
Calculate the greatest common divisor of 260 and 40596010.
130
What is the highest common divisor of 96 and 17717808?
48
Calculate the highest common factor of 18 and 12645606.
6
What is the greatest common divisor of 4813 and 108?
1
What is the greatest common factor of 11800883 and 1102?
29
Calculate the greatest common divisor of 493 and 3623176.
17
What is the highest common divisor of 104 and 4906018?
26
What is the greatest common factor of 24815 and 18225554?
709
Calculate the greatest common divisor of 219840526 and 76.
38
Calculate the greatest common factor of 14932723 and 767.
767
Calculate the highest common divisor of 191193 and 2661.
3
What is the greatest common divisor of 11579588 and 608?
76
Calculate the highest common factor of 19752 and 37983919.
823
What is the greatest common divisor of 1650 and 78593900?
550
Calculate the greatest common divisor of 43542 and 1713882.
246
Calculate the highest common divisor of 6458 and 12336.
2
Calculate the highest common factor of 14333 and 3406042.
1303
Calculate the highest common divisor of 2015600 and 5280.
80
Calculate the greatest common divisor of 1717 and 2986594.
17
Calculate the greatest common factor of 51480 and 7785756.
396
Calculate the greatest common factor of 37518779 and 7888.
493
Calculate the highest common factor of 10364820 and 5327.
761
What is the greatest common factor of 55944 and 1931400?
2664
Calculate the greatest common divisor of 4240 and 2565094.
106
Calculate the highest common factor of 74112 and 486939.
579
What is the highest common factor of 51687 and 389260540?
5743
Calculate the highest common divisor of 29028 and 367452.
708
Calculate the highest common factor of 17333822 and 606.
202
What is the greatest common factor of 118665 and 4990410?
405
What is the highest common divisor of 533 and 1032863?
13
What is the highest common factor of 16860376 and 208?
104
What is the highest common divisor of 2393199917 and 3547?
3547
Calculate the highest common divisor of 429 and 923802.
33
What is the greatest common factor of 41953854 and 942?
942
Calculate the highest common divisor of 140 and 3087520.
20
What is the greatest common divisor of 63441 and 3749697?
3339
Calculate the greatest common divisor of 130 and 748645105.
65
What is the highest common divisor of 15615792 and 107712?
2448
What is the highest common divisor of 1738 and 21728950?
158
What is the highest common divisor of 209132 and 147356?
44
Calculate the highest common factor of 27417795 and 1860.
465
What is the greatest common divisor of 125768 and 104?
8
What is the greatest common divisor of 69025 and 814825?
275
Calculate the highest common factor of 15279225 and 46800.
975
Calculate the greatest common factor of 669042 and 6.
6
What is the highest common factor of 280 and 2425000?
40
What is the greatest common divisor of 30418230 and 24735?
1455
Calculate the highest common factor of 662872 and 45619.
931
Calculate the greatest common divisor of 1291698 and 48.
6
Calculate the greatest common factor of 6 and 1497693.
3
Calculate the greatest common divisor of 6916665 and 171.
57
Calculate the greatest common divisor of 8190 and 311285.
65
Calculate the highest common factor of 138 and 2633523.
69
What is the highest common divisor of 2036100 and 35?
5
Calculate the highest common factor of 28773 and 243945.
1251
What is the highest common factor of 2647731 and 3?
3
What is the greatest common divisor of 306 and 29618910?
18
What is the greatest common factor of 15004 and 843634?
682
What is the highest common factor of 3285 and 1912527?
657
Calculate the greatest common factor of 602924 and 9028.
244
Calculate the greatest common factor of 48803 and 571127.
1319
Calculate the greatest common factor of 2177868 and 693.
231
What is the highest common factor of 14275 and 311825?
25
Calculate the highest common factor of 81970349 and 15952.
997
What is the highest common divisor of 329308 and 31255?
133
What is the highest common divisor of 302735 and 42020?
955
What is the greatest common factor of 275254 and 14?
14
Calculate the greatest common factor of 66420437 and 5213.
401
Calculate the highest common factor of 20367 and 2185965.
279
What is the greatest common divisor of 460062 and 287434?
838
Calculate the highest common divisor of 74549938 and 31662.
3518
Calculate the highest common factor of 110864 and 53464.
328
What is the greatest common divisor of 234 and 30769258?
26
Calculate the greatest common divisor of 215464 and 9752.
184
Calculate the highest common factor of 6363 and 186669.
63
What is the greatest common divisor of 623598 and 40404?
222
What is the highest common factor of 7041747 and 21?
3
Calculate the greatest common divisor of 15332 and 1238.
2
What is the highest common divisor of 18 and 2551872?
6
Calculate the greatest common divisor of 5635940 and 20.
20
What is the highest common divisor of 5446 and 26166?
14
Calculate the highest common factor of 473 and 3782581.
473
What is the highest common factor of 123198790 and 242?
22
Calculate the highest common factor of 280 and 31434256.
56
What is the greatest common factor of 10721424 and 40?
8
What is the highest common divisor of 10224117 and 162?
27
Calculate the highest common factor of 46324 and 1660708.
148
Calculate the greatest common factor of 19511 and 267377.
109
Calculate the greatest common factor of 955431 and 10971.
477
What is the greatest common factor of 1635 and 9857730?
15
Calculate the highest common divisor of 786 and 34099431.
393
What is the greatest common divisor of 476184 and 9?
3
Calculate the greatest common divisor of 225597677 and 6577.
6577
Calculate the highest common factor of 38226 and 50163.
69
Calculate the highest common factor of 130663 and 31557955.
5681
What is the greatest common factor of 192204488 and 28?
28
Calculate the greatest common factor of 71674953 and 63.
21
What is the highest common factor of 54915 and 127785?
105
What is the greatest common factor of 37265 and 4912555?
1285
Calculate the greatest common factor of 1639 and 58789291.
1639
What is the highest common factor of 1389932 and 2464705?
8081
Calculate the greatest common divisor of 16540120 and 1473560.
7880
Calculate the greatest common factor of 16 and 14463896.
8
Calculate the highest common factor of 352476 and 94548.
12
Calculate the greatest common factor of 226116 and 21868.
44
What is the greatest common factor of 1615 and 610538?
17
What is the highest common divisor of 242264151 and 27?
9
What is the highest common div